13 + (-4 - -3) - (-25 - -15)) + -7.
15
-24 - (-45 + 13 + 10)
-2
Calculate (-18 - -27) + 5 + (-2 - -4).
16
(-43 - ((-23 - 138) + 29)) + 9
98
What is -28 + -23 + 46 + (-7 + 0 - 1) - 85?
-98
What is the value of 1 + -6 - (-51 + 77 + -71)?
40
What is (25 - 24) + (1 - -6 - 3) + -10?
-5
21 - (46 - (41 + -36))
-20
What is the value of 88 + (8 - -9) + -60 + (1 - 11)?
35
115 + -29 + -121 - -65
30
What is 1773 + -1780 + (7 - 1) - 11?
-12
What is 45 + (-1 + -3 - -1) + 2 - (-169 - -165)?
48
What is -25 - ((-7 - 40) + 55)?
-33
What is (3 - -2) + (-9 - (9 - 6)) - 21?
-28
What is the value of 9 + (1 + 56 - 3 - (6 + (68 - 67)))?
56
Evaluate -5 + 2 + 155 + -114 + 1 + 0.
39
Evaluate -40 + (-40 + (7 - -11) - -18).
-44
-58 + (-28 - -79 - 51)
-58
What is -31 + 16 + (7 + 1 - 12) + 11 + -17?
-25
Evaluate 5 - (-28 + 28) - (-4 + 5 + -5).
9
Evaluate 34 + (-46 - -63) + -11.
40
123 + (-18 - (-1 + 4) - (859 + -857))
100
What is (99 - 129) + (19 - -2 - -4)?
-5
Calculate 31 + (-59 - -42) - 15.
-1
What is the value of 643 + -576 + (1 - 1 - 15 - -3)?
55
Evaluate (-4 + 20 + -7 - 1) + (5 - -2) + 3.
18
3 + 6 - (-4 + -10 - (-2 - 11))
10
-55 - (-69 + -17) - 34
-3
Calculate -11 + (-152 - -67) + 55.
-41
-6 + (-1 - -4) + 6 + -90 + 11
-76
25 + (-145 - -111) - -136
127
Evaluate 513 + -520 - (2 + -3 + 2 + -20).
12
Evaluate 1 + -6 + (-66 - -58) + -18.
-31
-1 - (-31 - (-102 - -45))
-27
(2 + 22 - 0) + -39 - (-12 - 1) - 94
-96
-3 - (-9 - -4) - (-19 - -25) - -51
47
What is the value of (1 - (-6 - (4 - (0 + -1)))) + (152 - 182)?
-18
-1412 - -1283 - (-64 - 0)
-65
Calculate 8 + -14 + -23 + 9 + -27.
-47
Calculate (1 - 8) + 62 + (-69 - -59).
45
Calculate -2 + -9 + (3 + -19 - 2) + 82.
53
Evaluate (-13 - -1) + (8 - 49) + 41 - (-108 + -27).
123
What is (9 - (-17 + -14)) + -30?
10
Evaluate (-16 + 2 + 15 - 1) + 2 + (-36 - 0).
-34
What is -15 - (-4 + 1 + -2 - (-8 - 0 - -13))?
-5
What is 0 + -31 + (16 - (25 - 34)) + -9?
-15
Evaluate 3 + -42 + (-42 + 26 - (-13 + 0)).
-42
What is -10 + -1 - (234 + -231 + -27 + -2)?
15
What is the value of 36 - -3 - (0 + -1) - 17?
23
What is (-5 - -2) + -16 + 29?
10
-934 + 877 + (-2 - -41)
-18
37 + -10 + -10 + -18 - 45
-46
-2 - (-102 + 0 + -4 + -1) - (-557 - -556)
106
What is the value of -51 + ((13 - (7 + 12)) + 2 - (-19 - -5))?
-41
Evaluate 19 + (16 - 48) - -12.
-1
Calculate -13 + (-5 + -3 - (-8 - 4 - -11)).
-20
Evaluate (147 - 136) + (54 - ((-3 - 2) + 5)).
65
What is the value of 77 + (-46 - (28 + -27))?
30
Calculate (3 + -1 - 1 - ((-10 - -11) + 16)) + -9.
-25
Calculate 2925 - 2980 - (-89 - -1).
33
Calculate -67 + (-37 - (23 + -146)).
19
Evaluate -36 + 46 + -18 + -30.
-38
What is (-91 + 51 - 26) + 40?
-26
What is ((-6 - -24) + 0 - 8) + -23?
-13
Calculate -40 + 38 - (-2 - ((-5 - 32) + 7)).
-30
Calculate -64 + 139 - 73 - 12.
-10
-183 + 188 - (7 + -22)
20
What is 48 - 27 - (12 + 2 + 46)?
-39
Evaluate (48 - 1) + (67 - 166) + 105 + 0 + -16.
37
Evaluate -44 + (74 - 15) + 6 + 0 + 8 + 1.
30
27 + -19 + -3 - -11 - (26 + -44)
34
Evaluate 19 - (-73 + 35 + 8).
49
-31 + (34 - (60 + -48)) + -1 + 3
-7
(20 + -15 - 2) + (-9 - 1) - -18 - 80
-69
Calculate 124 - (5 + 14) - (-58 + 25 - -23).
115
Evaluate 42 - (-40 + 86 + 33).
-37
Calculate 15 - (0 + 2 - 8 - (1984 + -1992)) - -77.
90
47 - -1 - (5 - ((-7 - (3 - -6)) + 18))
45
What is the value of (12 - 1) + (11 - -52) - (-25 + 18)?
81
-4 + -2 + 4 + 8 + 7 + 38 + 12
63
What is the value of (12 - 32) + -108 - (-30 - 16)?
-82
42 + -76 - 12 - -73
27
-23 + (6 - ((3 - -1) + 11))
-32
-41 + (11 - ((5 - -1) + -1)) + 13 + -3
-25
Calculate -38 + (-3 - (-48 + -15)).
22
What is -50 + (-67 - -36) + 47?
-34
What is -9 + 3 - 3 - (-59 - (15 - 27))?
38
118 - (40 - (18 - 0 - (-133 - -130)))
99
What is -10 + (-4 - -6) + 6 + -45 - (-8 + -1)?
-38
Calculate 5 - (-1 - (-1 - 90)) - (72 - 88).
-69
Evaluate 78 + (5 - -2 - 11) + 7 - (114 + -100).
67
-84 + (24 - 0 - (617 - 594) - -8)
-75
What is the value of -61 + (132 - 64) + 1?
8
What is the value of (61 - 49) + -16 + -49?
-53
What is 10 + (-11 - -30) + -2 + 12?
39
-24 + (-6 - -3 - -3) + (-26 - -15)
-35
Evaluate 19705 + -19615 - (1 - -176).
-87
Evaluate (-79 - -147) + 16 + -39 + 19.
64
What is the value of -4 - 70 - (38 + 21 + -59)?
-74
-8 - (14 - (-14 + 15 + (-24 - -176)))
131
Calculate 11 + 0 + 161 + -118 + 43.
97
Evaluate 115 + (-50 - (-59 + 52)).
72
(10 + (-4 - (11 - -3)) - 2) + 62 + 3
55
What is 69 - 39 - 82 - -21?
-31
Evaluate -2 - -1 - 24 - (-13215 + 13212).
-22
Calculate 51 - -6 - (242 - 209).
24
Evaluate 104 - (48 + (-25 - (12 + -19))).
74
Calculate 1 + 5 + (1 - -21 - ((-2 - 82) + 71)).
41
What is the value of 1 + -21 - (-179 + 60 + 80)?
19
What is the value of -45 + 1 - (((-8 - -19) + -18 - -2) + 1)?
-40
Calculate (-24 - (-8 + -15)) + -25 + 0.
-26
What is -234 + 64 + 152 - (-104 + 2 + 0)?
84
What is the value of -65 - (59 + 0 - 80)?
-44
Evaluate (111 - 93 - -17) + -55.
-20
Evaluate 516 + -539 - (0 + -37).
14
Evaluate 2 + ((8 - -2) + 2 - (3 - 7)).
18
-3 + 9 + 4 - (-17 + 13 + 6)
8
Calculate 56 + (-2 + 0 - (-8 + 4)) - (2386 - 2390).
62
What is the value of (138 - 121) + -6 + 24 + -6?
29
-16 - -14 - (0 + 8 + -37 - (0 - 4))
23
Evaluate -17 + -13 + 55 + -30 + -42.
-47
What is 68 - (7 - ((27 - 9) + 15))?
94
(112 - 126 - ((8 - 16) + 16)) + 19
-3
What is the value of -4 + (0 - -4 - (-67 + 110 + -64))?
21
Evaluate -28 + (-4 - -12) - -72.
52
What is (821 - 817) + -21 + -1 + 23?
5
What is the value of -10 + (-5 - -22) + -17 - (-2 - 2)?
-6
5 - (-3 + -6) - (-145 + 90)
69
Calculate -71 + 377 + -163 + -204.
-61
2 - (-3 + 14 + (-19 - 0) - -7)
3
Calculate -140 - (-62 + -30 + 11).
-59
Calculate -44 - (13 - 47) - -5.
-5
Calculate -1 + 12 + 32 + -2 + -41 + -3 + -64.
-67
What is the value of -22 - ((58 - -26) + -52)?
-54
What is 20 + -43 + 22 - -25 - (-26 + 0)?
50
What is 0 - 8 - -24 - (-11 + 6 + 6)?
15
What is (5 - 10) + 91 + (-8 - (-4 - 6)) + -2?
86
(-5 - 12) + (17 + (67 - 18) - -17)
66
What is -128 - (33 - 236 - -11)?
64
What is the value of 1 - 71 - (-2 - ((5 - (-13 + 23)) + 6))?
-67
What is the value of 356 - 383 - ((-1 - 2) + -63)?
39
(-64 - -86 - 3) + -90
-71
What is the value of (65 - 44) + -26 - -20?
15
Calculate -2 + (-14 - ((14 - 29) + 17)) + -58.
-76
4 + (-6 + -1 - (102 - 114)) - 38
-29
What is the value of -42 + 30 + 28 + -15?
1
What is (128 - (-130 + 207)) + -1 + 5 + 1 + 0?
56
Evaluate (11 - (-9 + 1 - -7) - 7) + (-49 - -13).
-31
What is the value of (9021 - 9063) + 10 + 0 + 1 + -1?
-32
What is 27 + -87 + -4 + (-141 - -115)?
-90
What is the value of (13 - 63 - -3) + -7?
-54
Evaluate -5 + 16 + 27 + -46 + 105 + (-3 - -4).
98
Calculate (177 - 181) + 4 + 1 + 9 + 1 + -11.
0
Calculate -1 + -23 - (0 - (-10 + (4 - -6)) - -1).
-25
What is the value of 13 - -1 - (-12 + 11 + -4 + 8) - 10?
1
What is (27 - (-21 - (-28 - 22))) + 17?
15
Evaluate -3 - (-6 + 0 + -36 + 6 + 2).
31
What is -7 - -20 - (16 - (-15 + -1))?
-19
Calculate -8 + (0 + 79 - (-6 + -23 - -23) - 2).
75
Calculate -86 - (-23 + -115 + 88).
-36
What is the value of -1 + (-2 - 2) - (-36 - -20 - -41)?
-30
What is 3 + -10 + (14 - 12) + -4?
-9
What is -39 + (0 - (26 + -18)) - 13?
-60
Calculate 47 - (-20 + 40 - 15).
42
Evaluate -3 - 8 - ((20 - 42) + 35).
-24
-13 - (-30 - -2) - 1 - (0 - -4) - 0
10
-40 - ((-27 - (-15 - 8)) + -4 + 3 + -3)
-32
(26 - (-4 + 13)) + -142 + 159
34
Evaluate (-9 - 2 - (3 + -1)) + 756 + -753.
-10
Calculate -16 - -9 - 32 - (-11 - (6 + -34)).
-56
What is (28 - 113 - -18) + 2 + -26?
-91
Evaluate -2 + (-66 - -72) - 81.
-77
Calculate -36 - -33 - 49 - -37.
-15
What is -154 - -100 - -48 - (1 + 1 + -1 + -17)?
10
Evaluate -72 + (-2 - (7 + (7 - -3)) - (-4 + -7)).
-80
What is 7 + -13 + 0 + 15 - (26 + -18) - 41?
-40
Evaluate 57 + (10 - 97) + -39.
-69
Calculate (153 - 56) + -63 - 41.
-7
Calculate 58 - -3 - (-138 - -131 - (-15 + 0)).
53
What is the value of 60 - (59 - 50 - -47)?
4
Calculate 30 + (41 + -19 + -23 - 10).
19
Calculate -81 - (33 - (-24 - -104)).
-34
(14 - (0 + 1)) + 2073 + -2092
-6
What is (5 - 2) + 2 - -4 - 7 - 8?
-6
Evaluate -3 + 9 + 32 + -9 + (7 - -7).
43
What is the value of -16 - -22 - (-4 - 8 - -21 - 16)?
13
What is 4 - 0 - (19 - (16 + -4 + 13))?
10
Calculate -1 + 9 + -25 - (-83 + 72).
-6
Calculate -14 + (-43 - -111) - 72.
-18
-13 - -2 - (-4 + (-7 + 20 - 10))
-10
What is 7 + (1 - -18) - (5 - (1 + (-9 - -14)))?
27
Evaluate 9 - 2 - ((-11 + -19 - -41